ltiple of 46?
True
Is 55 a factor of 13357795?
True
Is 6 a factor of 1584036?
True
Is 2821345 a multiple of 261?
False
Does 6 divide 165120?
True
Does 272 divide 7884813?
False
Does 73 divide 20440?
True
Is 62748 a multiple of 18?
True
Is 25069 a multiple of 11?
True
Is 7805 a multiple of 5?
True
Is 9 a factor of 1970871?
False
Is 764742 a multiple of 23?
False
Is 22 a factor of 18634?
True
Is 74256 a multiple of 442?
True
Is 25415908 a multiple of 1316?
True
Is 111264 a multiple of 3?
True
Is 158700 a multiple of 6?
True
Is 3083253 a multiple of 386?
False
Is 76608 a multiple of 24?
True
Is 976 a factor of 862321?
False
Does 37 divide 1783948?
False
Is 2070126 a multiple of 114?
True
Is 81213 a multiple of 3?
True
Does 78 divide 52665?
False
Is 138226 a multiple of 22?
True
Does 33 divide 121242?
True
Is 16489172 a multiple of 28?
True
Is 1901874 a multiple of 121?
False
Does 7 divide 1856720?
False
Is 1390683 a multiple of 47?
True
Is 1579466 a multiple of 994?
True
Does 22 divide 383060?
False
Is 331 a factor of 981084?
True
Is 88 a factor of 3960880?
True
Is 167 a factor of 3214416?
True
Is 33 a factor of 669578?
False
Is 1000431 a multiple of 207?
True
Is 11 a factor of 323669?
False
Does 14 divide 1691732?
True
Is 103 a factor of 9153?
False
Is 8355254 a multiple of 104?
False
Is 190600 a multiple of 100?
True
Is 1369108 a multiple of 13?
True
Is 103442 a multiple of 162?
False
Is 27 a factor of 30753?
True
Is 1170394 a multiple of 47?
True
Does 5 divide 57305?
True
Does 12 divide 6974682?
False
Is 307 a factor of 2026118?
False
Is 15 a factor of 211350?
True
Is 5 a factor of 84275?
True
Is 415920 a multiple of 15?
True
Is 1049279 a multiple of 312?
False
Is 203 a factor of 300457?
False
Does 1472 divide 16674816?
True
Does 20 divide 5892432?
False
Is 8 a factor of 104199?
False
Is 267388 a multiple of 236?
True
Is 221 a factor of 12069221?
False
Does 1182 divide 1079446?
False
Is 14017872 a multiple of 191?
True
Is 77 a factor of 2294446?
True
Is 139074 a multiple of 205?
False
Is 14 a factor of 168199?
False
Is 4 a factor of 784574?
False
Does 16 divide 1346239?
False
Is 312355 a multiple of 349?
True
Does 470 divide 1177820?
True
Is 27 a factor of 21475?
False
Is 127 a factor of 6710627?
False
Does 6 divide 422866?
False
Does 27 divide 61371?
True
Is 488 a factor of 5400927?
False
Is 464 a factor of 3465616?
True
Is 112 a factor of 100688?
True
Is 13305 a multiple of 36?
False
Does 339 divide 3353016?
False
Is 23 a factor of 149773?
False
Is 496685 a multiple of 161?
True
Is 16 a factor of 21824?
True
Does 92 divide 431296?
True
Is 418606 a multiple of 110?
False
Does 93 divide 3932557?
False
Does 198 divide 1237500?
True
Is 1921988 a multiple of 61?
True
Is 136 a factor of 30612?
False
Is 13292175 a multiple of 25?
True
Does 358 divide 296066?
True
Is 259585 a multiple of 8?
False
Does 43 divide 336948?
True
Does 37 divide 59163?
True
Does 26 divide 337526?
False
Is 53 a factor of 1950665?
True
Is 26131 a multiple of 26?
False
Is 62 a factor of 2613600?
False
Is 11 a factor of 243832?
False
Is 312 a factor of 813668?
False
Is 29376 a multiple of 72?
True
Does 102 divide 180438?
True
Is 1894948 a multiple of 44?
True
Is 148769 a multiple of 31?
True
Is 20 a factor of 768483?
False
Is 34 a factor of 35190?
True
Does 40 divide 186322?
False
Is 5 a factor of 2482899?
False
Is 2617127 a multiple of 843?
False
Is 5 a factor of 227490?
True
Is 136 a factor of 5284?
False
Is 24 a factor of 10409?
False
Does 45 divide 23103?
False
Is 26 a factor of 3577366?
True
Is 4 a factor of 66618?
False
Is 3266814 a multiple of 106?
True
Is 334 a factor of 27622549?
False
Is 67 a factor of 3896709?
False
Does 5 divide 174459?
False
Does 116 divide 2382308?
False
Is 3157312 a multiple of 26?
False
Does 16 divide 7318957?
False
Does 111 divide 1761459?
True
Is 999120 a multiple of 8?
True
Is 23667 even?
False
Is 7623983 a multiple of 16?
False
Is 41 a factor of 530953?
False
Is 13 a factor of 870519?
True
Does 7 divide 104504?
False
Does 14 divide 27994?
False
Does 137 divide 3422936?
False
Does 8 divide 57542?
False
Is 47820 a multiple of 8?
False
Is 91994 a multiple of 7?
True
Is 47625 a multiple of 42?
False
Is 78 a factor of 868553?
False
Does 43 divide 782648?
False
Is 14 a factor of 196826?
True
Is 3 a factor of 1985169?
True
Is 54019 a multiple of 5?
False
Does 5 divide 4095?
True
Does 36 divide 91404?
True
Is 27 a factor of 4074040?
False
Does 4 divide 4002219?
False
Does 7 divide 495347?
False
Is 12 a factor of 84027?
False
Is 610824 a multiple of 4?
True
Does 369 divide 2451226?
False
Is 49 a factor of 140128?
False
Does 14 divide 46032?
True
Is 223 a factor of 15424687?
True
Is 76780 a multiple of 44?
True
Is 14354453 a multiple of 1607?
False
Is 230370 a multiple of 7?
True
Is 161942 a multiple of 433?
True
Does 84 divide 398244?
True
Is 699177 a multiple of 49?
False
Is 2006 a factor of 11805310?
True
Is 318 a factor of 1270410?
True
Is 873940 a multiple of 762?
False
Is 4781700 a multiple of 1188?
True
Is 204 a factor of 138312?
True
Is 10 a factor of 39180?
True
Is 2083950 a multiple of 15?
True
Does 10 divide 1224751?
False
Does 592 divide 1137267?
False
Is 180928 a multiple of 16?
True
Is 4092282 a multiple of 39?
False
Does 382 divide 145916?
False
Does 8 divide 1913824?
True
Is 144 a factor of 297285?
False
Is 43364 a multiple of 132?
False
Is 92 a factor of 5591156?
False
Does 980 divide 1141510?
False
Does 31 divide 675524?
False
Is 1723612 a multiple of 946?
True
Is 341366 a multiple of 46?
True
Does 18 divide 287549?
False
Does 23 divide 522514?
True
Is 58 a factor of 423980?
True
Is 303 a factor of 709323?
True
Does 17 divide 422377?
False
Does 7 divide 3414089?
True
Is 514 a factor of 357744?
True
Is 2272036 a multiple of 213?
False
Does 19 divide 945193?
True
Is 442 a factor of 283249?
False
Is 564140 a multiple of 209?
False
Does 374 divide 980744?
False
Does 261 divide 5049644?
False
Is 150960 a multiple of 24?
True
Is 12 a factor of 149677?
False
Is 214164 a multiple of 52?
False
Is 101 a factor of 1173531?
False
Does 13 divide 240773?
True
Does 495 divide 1338606?
False
Does 58 divide 76273?
False
Does 24 divide 1219213?
False
Does 6 divide 10281378?
True
Is 309123 a multiple of 11?
False
Does 51 divide 505702?
False
Is 12 a factor of 89318?
False
Does 16 divide 29584736?
True
Is 82951 a multiple of 8?
False
Does 52 divide 3629808?
True
Is 476078 a multiple of 12?
False
Is 478737 a multiple of 149?
True
Is 212832 a multiple of 72?
True
Is 6135496 a multiple of 14?
False
Does 93 divide 76901?
False
Is 121 a factor of 11517022?
True
Does 34 divide 275404?
False
Is 20 a factor of 698220?
True
Is 70809 a multiple of 3?
True
Is 83 a factor of 271366?
False
Does 140 divide 156576?
False
Does 2 divide 3163093?
False
Is 169824 a multiple of 16?
True
Is 37 a factor of 319984?
False
Is 532915 a multiple of 40?
False
Is 25 a factor of 2141875?
True
Does 421 divide 1396047?
False
Does 44 divide 109607?
False
Does 41 divide 292248?
True
Is 566628 a multiple of 92?
True
Is 12072241 a multiple of 861?
False
Does 47 divide 720510?
True
Does 251 divide 1709812?
True
Does 82 divide 172610?
True
Does 148 divide 250860?
True
Does 32 divide 71584?
True
Is 2644416 a multiple of 16?
True
Is 331 a factor of 1066482?
True
Is 30218436 a multiple of 38?
True
Is 33843 a multiple of 2?
False
Is 31460 a multiple of 10?
True
Is 414 a factor of 478998?
True
Is 93 a factor of 35818?
False
Is 57 a factor of 1179558?
True
Is 152 a factor of 154577?
False
Does 620 divide 1097323?
False
Is 106038 a multiple of 4?
False
Is 822 a factor of 457032?
True
Does 130 divide 2111118?
False
Does 64 divide 200269?
False
Is 136 a factor of 1759588?
False
Is 606435 a multiple of 16?
False
Is 207 a factor of 94806?
True
Is 2192778 a multiple of 14?
True
Does 387 divide 210915?
True
Does 2 divide 140616?
True
Is 20 a factor of 2060574?
False
Is 15954156 a multiple of 507?
False
Does 151 divide 110355?
False
Does 55 divide 669545?
False
Is 364 a factor of 62244?
True
Is 202 a factor of 582568?
True
Is 14 a factor of 94059?
False
Is 859186 a multiple of 30?
False
Is 165 a factor of 2953170?
True
Is 93153 a multiple of 487?
False
Is 428 a factor of 42787?
False
Is 15 a factor